{"id":10108,"date":"2022-08-10T09:43:55","date_gmt":"2022-08-10T14:43:55","guid":{"rendered":"https:\/\/basicas.utp.edu.co\/matematicas\/?page_id=10030"},"modified":"2026-03-20T12:24:07","modified_gmt":"2026-03-20T17:24:07","slug":"inversion-y-financiacion","status":"publish","type":"page","link":"https:\/\/ingenierias.utp.edu.co\/especializacion-tics\/inversion-y-financiacion\/","title":{"rendered":"Inversi\u00f3n y financiaci\u00f3n"},"content":{"rendered":"\n<figure class=\"wp-block-image size-full is-resized\"><img loading=\"lazy\" decoding=\"async\" width=\"1024\" height=\"768\" src=\"https:\/\/media2.utp.edu.co\/programas\/79\/123.png\" alt=\"\" class=\"wp-image-10843\" style=\"width:840px;height:630px\" \/><\/figure>\n\n\n\n<figure class=\"wp-block-image size-full is-resized\"><img loading=\"lazy\" decoding=\"async\" width=\"1024\" height=\"768\" src=\"https:\/\/media2.utp.edu.co\/programas\/79\/345.png\" alt=\"\" class=\"wp-image-10845\" style=\"width:840px;height:630px\" \/><\/figure>\n\n\n\n<hr class=\"wp-block-separator has-alpha-channel-opacity is-style-dots\" \/>\n\n\n\n<p><span class=\"post-content__span\"> Conoce todas las opciones de financiaci\u00f3n que tenemos, aqu\u00ed:   <a rel=\"noreferrer noopener\" href=\"https:\/\/media2.utp.edu.co\/programas\/79\/Folleto_Financiacion_Posgrados_UTP.pdf\" target=\"_blank\">Ver opciones de financiaci\u00f3n<\/a><\/p>\n\n\n\n<p><span class=\"post-content__span\"> Para realizar el proceso de inscripci\u00f3n, ingresa aqu\u00ed: <a href=\"https:\/\/app4.utp.edu.co\/gtisi\/enrollments\/stepper-enrollment\" target=\"_blank\" rel=\"noreferrer noopener\">Realizar inscripci\u00f3n<\/a><\/p>\n\n\n\n<p><span class=\"post-content__span\"> Si deseas m\u00e1s informaci\u00f3n, escribe al correo electr\u00f3nico esptic@utp.edu.co o puedes llamar al tel\u00e9fono 606 3137545 o puedes enviar un mensaje al n\u00famero de WhatsApp 301 751 3297<\/p>\n\n\n\n<p><span class=\"post-content__span\"> <\/p>\n\n\n\n<p><span class=\"post-content__span\"> <\/p>\n\n\n\n<p><span class=\"post-content__span\"> Recuerda seguirnos en nuestras redes sociales:<\/p>\n\n\n\n<p><span class=\"post-content__span\"> <\/p>\n\n\n\n<div class=\"wp-block-columns is-layout-flex wp-container-core-columns-is-layout-9d6595d7 wp-block-columns-is-layout-flex\">\n<div class=\"wp-block-column is-layout-flow wp-block-column-is-layout-flow\">\n<figure class=\"wp-block-image size-full\"><a href=\"https:\/\/bit.ly\/3BUeX0m\" target=\"_blank\" rel=\"noreferrer noopener\"><img loading=\"lazy\" decoding=\"async\" width=\"64\" height=\"64\" src=\"https:\/\/media2.utp.edu.co\/programas\/79\/1298747_instagram_brand_logo_social-media_icon.png\" alt=\"\" class=\"wp-image-10229\" \/><\/a><\/figure>\n<\/div>\n\n\n\n<div class=\"wp-block-column is-layout-flow wp-block-column-is-layout-flow\">\n<figure class=\"wp-block-image size-full\"><a href=\"https:\/\/bit.ly\/3BOfMro\" target=\"_blank\" rel=\"noreferrer noopener\"><img loading=\"lazy\" decoding=\"async\" width=\"64\" height=\"64\" src=\"https:\/\/media2.utp.edu.co\/programas\/79\/317750_linkedin_icon.png\" alt=\"\" class=\"wp-image-10230\" \/><\/a><\/figure>\n<\/div>\n\n\n\n<div class=\"wp-block-column is-layout-flow wp-block-column-is-layout-flow\">\n<figure class=\"wp-block-image size-full\"><a href=\"https:\/\/www.tiktok.com\/@especializacionenticsutp\" target=\"_blank\" rel=\"noreferrer noopener\"><img loading=\"lazy\" decoding=\"async\" width=\"64\" height=\"64\" src=\"https:\/\/media2.utp.edu.co\/programas\/79\/7024783_tiktok_social-media_icon.png\" alt=\"\" class=\"wp-image-10232\" \/><\/a><\/figure>\n<\/div>\n<\/div>\n\n\n\n<p><span class=\"post-content__span\"> <\/p>\n","protected":false},"excerpt":{"rendered":"<p>Conoce todas las opciones de financiaci\u00f3n que tenemos, aqu\u00ed: Ver opciones de financiaci\u00f3n Para realizar el proceso de inscripci\u00f3n, ingresa aqu\u00ed: Realizar inscripci\u00f3n Si deseas m\u00e1s informaci\u00f3n, escribe al correo [&#8230;]<\/p>\n","protected":false},"author":1,"featured_media":0,"parent":0,"menu_order":0,"comment_status":"closed","ping_status":"closed","template":"","meta":{"footnotes":""},"class_list":["post-10108","page","type-page","status-publish","hentry"],"_links":{"self":[{"href":"https:\/\/ingenierias.utp.edu.co\/especializacion-tics\/wp-json\/wp\/v2\/pages\/10108","targetHints":{"allow":["GET"]}}],"collection":[{"href":"https:\/\/ingenierias.utp.edu.co\/especializacion-tics\/wp-json\/wp\/v2\/pages"}],"about":[{"href":"https:\/\/ingenierias.utp.edu.co\/especializacion-tics\/wp-json\/wp\/v2\/types\/page"}],"author":[{"embeddable":true,"href":"https:\/\/ingenierias.utp.edu.co\/especializacion-tics\/wp-json\/wp\/v2\/users\/1"}],"replies":[{"embeddable":true,"href":"https:\/\/ingenierias.utp.edu.co\/especializacion-tics\/wp-json\/wp\/v2\/comments?post=10108"}],"version-history":[{"count":13,"href":"https:\/\/ingenierias.utp.edu.co\/especializacion-tics\/wp-json\/wp\/v2\/pages\/10108\/revisions"}],"predecessor-version":[{"id":10846,"href":"https:\/\/ingenierias.utp.edu.co\/especializacion-tics\/wp-json\/wp\/v2\/pages\/10108\/revisions\/10846"}],"wp:attachment":[{"href":"https:\/\/ingenierias.utp.edu.co\/especializacion-tics\/wp-json\/wp\/v2\/media?parent=10108"}],"curies":[{"name":"wp","href":"https:\/\/api.w.org\/{rel}","templated":true}]}}